). What is v(u)?
-4
Let m be 33/(1 + -4) - (7 - (5 + 2)). Let h(c) = 2*c + 55. Calculate h(m).
33
Suppose 2*c - 20 = -26. Let d be (15/(-25))/(c/10). Let i(t) = 3 - d + 2 - t**2 + 7*t - 2. Give i(6).
7
Let z(x) = -x**2 - 7*x - 6. Let a(p) = -3*p**2 - 29*p + 16. Let y be a(-10). Suppose -3*t = -78 - y. Suppose 8*b - 12*b - t = 0. What is z(b)?
-6
Let s(r) = 0*r - 54*r - 3*r - r**2 - 49 + 39*r. What is s(-13)?
16
Suppose 4*q + 3*o - 644 = 0, -5*o - 184 - 328 = -3*q. Let g = 155 - q. Let f(p) = p**2 + 9*p - 5. What is f(g)?
-5
Let x(n) = n + 144 - 6*n - 142. Let w be ((-3)/(-6)*0)/(-1). Suppose -5*a + w*q = q - 15, -3 = -a - 2*q. Determine x(a).
-13
Let c(w) = 15*w + 41. Let f(m) = -21 - 4 + 5 - 6*m. Let k(r) = 3*c(r) + 7*f(r). Calculate k(5).
-2
Suppose 13 = -10*c + 23*c. Let f(d) = 3 + c - d - 3 + 3*d. What is f(0)?
1
Let k be ((-8)/5)/((-2492)/(-3115)). Let y(j) be the third derivative of 2*j**2 + 0*j - 1/8*j**4 + 1/15*j**5 - 1/3*j**3 + 0. Determine y(k).
20
Suppose 15*r = 25*r - 10. Let g(c) = -16*c + 38*c + r - 12*c - 11*c. Calculate g(0).
1
Let m(k) be the first derivative of 115 - k - 9/2*k**2 + 1/3*k**3. Give m(8).
-9
Let s(r) = -3 + 16143*r**3 - 5*r**2 - 9*r**2 + 2*r + 4*r**2 - 16142*r**3. Determine s(10).
17
Let c(f) = 11*f - 31. Let x be c(3). Suppose -3*z + 16 + x = 0. Let d(p) = -p**3 + 7*p**2 - 8*p - 3. Determine d(z).
-15
Let h = 25691 + -25689. Let j(w) = -5*w + 4. Give j(h).
-6
Let u(a) be the third derivative of a**4/8 + a**3 + 4*a**2 + 17*a. Give u(-11).
-27
Let y(n) = -2*n - 5. Let d(i) = -63 + i - 2*i + 2*i + 69. Let z(u) = 4*d(u) + 3*y(u). Calculate z(4).
1
Suppose -4*d - 12 = -2*b, b - 77 = -5*d - 106. Let r(j) be the second derivative of j**4/6 + j**3/6 + j**2 + 5*j. Give r(b).
30
Let y be 1/(-2)*(-39 - -9). Suppose 6 = 2*l, 0*l - y = 3*o - l. Let k(h) = 1 - 64*h**2 - 3*h + 67*h**2 + h**3 - 5. Calculate k(o).
-8
Let l(r) = -87*r**3 - 4 - 4*r + 88*r**3 + 0*r**2 + 2*r**2. Let z = -15 - -19. Suppose z*n = -4 - 8. Calculate l(n).
-1
Let f(a) = a - 3 - 1 - 4*a. Let n(v) = -43*v + 263. Let h = -302 + 308. Let w be n(h). Calculate f(w).
-19
Let q(x) = 27*x - 88. Let s(h) = -87*h + 261. Let y(i) = 13*q(i) + 4*s(i). Give y(36).
8
Let s(i) = -10*i**2 - 29*i - 3*i**2 + 8*i**2 - 7*i**3 + 1 + 8*i**3 + 10*i**2. Calculate s(-9).
-62
Suppose -369 = -12*d - 309. Let v(q) = q**2 - 34*q + 143. Give v(d).
-2
Let t(r) be the first derivative of 1/3*r**3 - 4*r**2 - 18*r + 6. Let j(o) be the first derivative of t(o). Calculate j(6).
4
Let k(q) = -10*q**2 + 58*q + 70. Let c(p) = -4*p**2 + 23*p + 29. Let t(w) = 12*c(w) - 5*k(w). What is t(10)?
58
Let f(z) = -z**2 - 16*z - 20. Suppose 3 = -2*m - 27. Let r be f(m). Let t = r - -4. Let c(u) = 16*u**2 - u - 1. Calculate c(t).
16
Suppose -46*l - 6 = -44*l. Let y(f) be the third derivative of f**4/8 + f**3/3 - 84*f**2. Determine y(l).
-7
Let u(z) = -z**3 - 11*z**2 - 9*z + 23. Suppose 3*f + 4*o = 7 - 57, -25 = 3*f - o. Calculate u(f).
13
Let g(b) = 3*b - 3*b + 2*b**3 - 2. Let z be 117/(-3) - (-1207 + 1170). Calculate g(z).
-18
Let d(t) = 11*t**2 - 61*t + 34. Suppose 1388*v + g = 1386*v + 5, -2*g = v + 5. Calculate d(v).
4
Let b(d) = -18*d + 2 - 13*d + 47*d - 18*d. Suppose 0 = 4*z + 2*v + 4, 12*z + 7 = 7*z - 2*v. Determine b(z).
8
Let l be -16 + -12*((-1 - (-10)/(-4)) + 3). Let o(g) = -9*g - 56. Give o(l).
34
Let l(h) = h**2 - 7. Let r be 0 + 122/8 + (-10)/40. Let m = r - 3. Suppose 7*x = m*x. What is l(x)?
-7
Let t = 214 - 415. Let b = -203 - t. Let z(c) = -3*c**2 - 3 - 3*c + 9*c**2 - c**2. Calculate z(b).
23
Suppose -12*g = -16*g - 2*m + 38, 0 = -5*g - m + 43. Let h(w) = -w**3 + 11*w**2 - 29*w + 32. Let b be h(g). Let k(s) = -s**2 - 5*s + 7. Give k(b).
-17
Let z(q) be the second derivative of -q**4/6 + q**3/2 - 3*q**2/2 - 22144*q. Let a(u) = -4*u - 1. Let i be a(-1). Give z(i).
-12
Let h be 1*((-25)/125)/((-1)/35). Suppose 5*a - h*a - 5*s - 22 = 0, -2*s = -a - 2. Let o(v) = -v**2 - 6*v - 2. Determine o(a).
-2
Let j be 133/266*20/2. Let q(n) = 2*n**2 - 10*n + 6. Give q(j).
6
Suppose 4*g + 14 = -10*w + 5*w, 2*g - 3*w + 18 = 0. Let f(r) = -12*r - 66. Calculate f(g).
6
Let a(y) = -5*y**3 - 6*y**2 + 9*y + 3. Let c(n) = -n**3 - n**2 + n + 1. Let u(k) = a(k) - 3*c(k). Calculate u(-3).
9
Let f(z) = -z**3 + 2*z**2 - 3*z + 2. Let k(b) = 9*b**2 - 128 + 16*b + 249 + b**3 - 125. Let s be k(-3). Calculate f(s).
-4
Let h = -55549 - -55560. Let y(v) = 2*v - 7 + 0*v + v. Determine y(h).
26
Let i(l) = 3*l**2 - 7*l + 17. Let h(m) be the second derivative of -25*m + 0 + 2/3*m**3 - 1/6*m**4 - 9/2*m**2. Let r(v) = -5*h(v) - 3*i(v). Give r(0).
-6
Let l(g) = 8*g + 330. Suppose 2*f + 59 = -5*q, -4*q + 230 = 105*f - 110*f. Give l(f).
-6
Let m be (-48)/(-9) + (-2)/6. Let a(v) = v**3 - 9*v**2 - 2399*v - 10. Let q(n) = -n**3 + 10*n**2 + 2999*n + 11. Let o(y) = 5*a(y) + 4*q(y). Calculate o(m).
-1
Let s(d) = -911 + 502 - d - 7*d + 464. Determine s(8).
-9
Let w(v) = -v**2 - 7*v + 5. Suppose 320 = -65*s - 265. Calculate w(s).
-13
Suppose 8*j - 8 = 4*t + 9*j, 0 = -t - j - 5. Let o(d) = 8*d**2 - 6*d + 7. Let v(u) = -u**2 + u - 1. Let c(h) = -o(h) - 6*v(h). What is c(t)?
-3
Let b be ((-5)/(5/8))/(5 - 7). Let o(k) be the third derivative of -k**4/12 + 11*k**2. Calculate o(b).
-8
Let l(u) = -u**2 + 8*u - 6. Let a(d) = -148 + 56 + d**2 - 15*d + 62. Let g be a(17). Calculate l(g).
10
Let n(k) be the third derivative of -k**5/30 - 5*k**4/6 + 25*k**3/2 - k**2 - 1011. What is n(-12)?
27
Let s(t) = t**2 - 19*t + 2. Let h = -2562 + 2578. Calculate s(h).
-46
Let l(y) = y + 5. Let v(o) = -o**2 - 8*o - 8. Let k be v(-4). Let p(g) = 9*g - 70. Let a be p(k). What is l(a)?
7
Let o(b) = 111*b + 1003. Let s be o(-9). Let f(z) = 8*z**2 - z - 12. What is f(s)?
112
Let t(s) = -34*s**3 - 10*s**2 - s - 14. Let u(r) = -94*r**3 - 30*r**2 - 3*r - 41. Let m(b) = 11*t(b) - 4*u(b). What is m(-5)?
5
Let m be 84/(-16) + (-3)/(-12) - -3. Suppose -u + 3*l - 65 = 0, u + 31 = 5*l - 28. Let a be u*1/14 - m/7. Let t(k) = k**3 + 6*k**2 + 4*k - 1. Calculate t(a).
4
Let o(s) = -10*s - 13. Let l be o(-4). Suppose -4*b = 13 + l. Let f(w) be the first derivative of -w**3/3 - 6*w**2 - w + 47. Determine f(b).
19
Suppose -5*o = -15, -3*g = 5*o - 0*o - 717. Suppose -239*m + g*m + 15 = 0. Let r(s) = -10*s + 3. Determine r(m).
-27
Suppose 3*y + 2 = -2*t + 3, -3*t = 5*y - 1. Let m(o) = 0*o**2 + 3*o**2 + 7 - 2*o**t + 12 - 14*o. Determine m(13).
6
Let d(o) = -6*o - 28. Let f(u) = -u**3 - 4*u**2 + 3*u - 5. Let p be f(-5). Let k(l) = 4*l + 19. Let t(g) = p*d(g) + 7*k(g). Let s = 13 - 8. Give t(s).
-17
Let o = -13 - -26. Suppose o = -h - 2. Let q(l) = -l - 16. Let u be q(h). Let w(b) = 13*b**3 + 2*b**2 + b. Give w(u).
-12
Let o(m) = -8*m**2 + 7*m - 5 + 345*m**3 - 3*m**2 + 3*m + 0*m - 344*m**3. Determine o(10).
-5
Let m be (-1 + 45/20)/((-1)/(-8)). Let o be 5/m*-1*(4 - 2). Let l(g) = -g**2 + g + 1. Determine l(o).
-1
Let f(p) = 239*p - 4538. Let z be f(19). Let q(l) = -3*l + 3. Calculate q(z).
-6
Let l = 35683 + -35680. Let j(t) = -7*t - 15. What is j(l)?
-36
Suppose 7*h - 27*h + 282 = 662. Let q(z) = -z**3 - 18*z**2 + 18*z - 19. Give q(h).
0
Suppose -5*h - 4 = 3*a, 2*a = -17*h + 12*h - 6. Suppose 0 = -2*o + 4*w + 26, -a*o + w + 13 = -7. Let x(n) = n**3 - 10*n**2 + 8*n + 4. Determine x(o).
-5
Let g(f) = -34*f - 23. Let d(n) = -16*n - 11. Let x(h) = 13*d(h) - 6*g(h). Let k(l) = l**3 - 5*l**2 - 10*l + 53. Let c be k(4). Calculate x(c).
7
Let o(y) = -2*y - 1. Suppose 84 = -64*v + 52*v. Calculate o(v).
13
Suppose 4*i + 24 = -3*d - d, -i - 5 = 0. Let x(k) = -32*k + 16 - 6 - 9. Calculate x(d).
33
Suppose d = -4*j + 15, 2*j - 4*j - 5*d = -3. Let m be (-11 - (-19 - -10)) + 8/2. Let v(a) = m*a + 0 - a + j. Determine v(-7).
-3
Let f(p) = 60 - 2*p + 9*p + 0*p + 7*p - 15*p. Give f(11).
49
Let l(b) be the second derivative of b**5/20 + 7*b**4/12 + b**3/6 - 4*b**2 + 3*b + 401. Give l(-7).
-15
Let w(p) be the first derivative of 4*p**2 - 1/3*p**3 - 4*p + 10. Suppose 9 = 9*z - 8*z + 3*b, -3*z - 2*b + 20 = 0. Determine w(z).
8
Let j = -2419 - -7258/3. Let x(z) be the first derivative of 16 - j*z**3 + 5/2*z**2 + 3*z. Determine x(6).
-3
Let t be (154/(-462))/(0 + (-2)/(-18)). Let z(v) be the third derivative of 1/60*v**5 - v**2 + 1/12*v**4 + 0*v - 1/6*v**3 + 0. What is z(t)?
2
Let q(s) = -s**2 - 53*s + 2. 